 79 and 1264.
79
Calculate the highest common factor of 84 and 96.
12
What is the greatest common factor of 342 and 912?
114
What is the greatest common divisor of 270 and 1560?
30
Calculate the greatest common factor of 235 and 658.
47
Calculate the highest common divisor of 201 and 268.
67
What is the greatest common factor of 22 and 1056?
22
Calculate the greatest common factor of 305 and 183.
61
What is the highest common factor of 1786 and 376?
94
Calculate the greatest common divisor of 33 and 220.
11
What is the greatest common factor of 64758 and 258?
258
Calculate the highest common factor of 144 and 126.
18
What is the greatest common divisor of 48 and 26?
2
What is the greatest common divisor of 32076 and 44?
44
What is the greatest common divisor of 6 and 729?
3
What is the greatest common divisor of 102 and 292?
2
Calculate the highest common factor of 27 and 3177.
9
Calculate the highest common divisor of 9273 and 33.
33
Calculate the greatest common factor of 2 and 9.
1
What is the highest common divisor of 266 and 224?
14
What is the highest common divisor of 999 and 108?
27
Calculate the greatest common divisor of 8823 and 51.
51
What is the greatest common factor of 784 and 48?
16
Calculate the highest common divisor of 3136 and 128.
64
Calculate the greatest common factor of 6 and 42.
6
What is the greatest common factor of 1690 and 50?
10
What is the greatest common factor of 1037 and 122?
61
Calculate the greatest common factor of 960 and 15.
15
Calculate the highest common factor of 803 and 33.
11
What is the greatest common divisor of 11 and 1?
1
What is the greatest common factor of 10 and 2074?
2
Calculate the greatest common divisor of 154 and 385.
77
What is the highest common factor of 5203 and 215?
43
What is the highest common factor of 15 and 5127?
3
Calculate the highest common divisor of 280 and 970.
10
What is the highest common divisor of 35 and 2065?
35
What is the highest common divisor of 14 and 56?
14
What is the highest common divisor of 116 and 48?
4
What is the highest common divisor of 2 and 13?
1
Calculate the greatest common factor of 18 and 10242.
18
What is the highest common divisor of 49 and 203?
7
Calculate the greatest common factor of 100 and 16220.
20
What is the greatest common divisor of 44 and 286?
22
What is the highest common factor of 1416 and 2478?
354
What is the highest common factor of 155 and 15?
5
What is the greatest common divisor of 18197 and 62?
31
What is the greatest common divisor of 1266 and 6?
6
Calculate the highest common factor of 473 and 22.
11
Calculate the highest common divisor of 22 and 4840.
22
Calculate the highest common divisor of 2150 and 50.
50
What is the greatest common divisor of 665 and 2565?
95
Calculate the highest common divisor of 75 and 750.
75
Calculate the greatest common factor of 12 and 132.
12
What is the highest common divisor of 1386 and 396?
198
What is the greatest common divisor of 54 and 1134?
54
Calculate the highest common factor of 13 and 689.
13
What is the greatest common factor of 64 and 3008?
64
Calculate the highest common divisor of 332 and 747.
83
What is the greatest common factor of 315 and 1827?
63
Calculate the highest common factor of 22 and 935.
11
What is the highest common divisor of 833 and 51?
17
What is the highest common divisor of 759 and 1122?
33
Calculate the greatest common factor of 440 and 40.
40
Calculate the highest common divisor of 144 and 144.
144
What is the greatest common factor of 19 and 14041?
19
What is the highest common divisor of 60547 and 191?
191
Calculate the highest common divisor of 462 and 42.
42
What is the greatest common divisor of 4632 and 24?
24
What is the greatest common factor of 15 and 31695?
15
Calculate the highest common divisor of 171 and 95.
19
Calculate the highest common divisor of 3 and 7881.
3
What is the greatest common divisor of 2745 and 180?
45
What is the highest common factor of 17019 and 62?
31
What is the greatest common divisor of 25645 and 230?
115
Calculate the greatest common divisor of 196 and 3234.
98
What is the greatest common factor of 5 and 395?
5
Calculate the greatest common divisor of 960 and 72.
24
Calculate the greatest common factor of 4 and 484.
4
What is the highest common factor of 160 and 20?
20
What is the greatest common factor of 34580 and 52?
52
Calculate the greatest common divisor of 3818 and 46.
46
What is the greatest common factor of 246 and 12?
6
What is the greatest common factor of 1935 and 765?
45
Calculate the highest common factor of 66 and 363.
33
Calculate the greatest common divisor of 28 and 63.
7
Calculate the highest common divisor of 15043 and 98.
49
What is the highest common factor of 1428 and 8?
4
Calculate the highest common divisor of 1617 and 7791.
147
Calculate the greatest common factor of 9 and 73.
1
What is the highest common divisor of 114 and 12?
6
Calculate the highest common factor of 770 and 44.
22
Calculate the greatest common factor of 19 and 304.
19
What is the highest common factor of 45 and 1005?
15
Calculate the highest common factor of 371 and 763.
7
Calculate the highest common divisor of 405 and 15.
15
Calculate the greatest common factor of 6856 and 8.
8
Calculate the greatest common factor of 55 and 37510.
55
What is the greatest common factor of 333 and 1739?
37
Calculate the greatest common divisor of 35 and 10.
5
Calculate the highest common factor of 13328 and 448.
112
What is the highest common factor of 30 and 90?
30
What is the greatest common factor of 202 and 10?
2
What is the greatest common divisor of 1152 and 9?
9
What is the greatest common factor of 1 and 27?
1
Calculate the highest common factor of 370 and 10.
10
What is the greatest common divisor of 160 and 120?
40
Calculate the highest common factor of 10 and 20.
10
Calculate the highest common factor of 56 and 1680.
56
What is the highest common factor of 461 and 1?
1
Calculate the greatest common divisor of 45 and 1935.
45
Calculate the highest common divisor of 4901 and 29.
29
Calculate the greatest common factor of 270 and 30.
30
Calculate the highest common divisor of 3303 and 9.
9
What is the greatest common divisor of 880 and 20?
20
Calculate the greatest common factor of 161 and 71806.
161
Calculate the greatest common divisor of 18 and 542.
2
Calculate the greatest common factor of 8 and 220.
4
Calculate the highest common divisor of 6629 and 21.
7
Calculate the highest common factor of 1513 and 89.
89
Calculate the greatest common factor of 25 and 2275.
25
Calculate the highest common divisor of 1875 and 45.
15
Calculate the greatest common factor of 943 and 69.
23
Calculate the highest common factor of 429 and 99.
33
Calculate the greatest common factor of 833 and 1190.
119
Calculate the greatest common divisor of 3122 and 28.
14
Calculate the highest common factor of 738 and 5822.
82
What is the greatest common factor of 352 and 848?
16
What is the highest common divisor of 1825 and 400?
25
Calculate the greatest common divisor of 2 and 250.
2
What is the greatest common factor of 354 and 9?
3
Calculate the greatest common factor of 728 and 72.
8
What is the greatest common factor of 342 and 90?
18
What is the highest common divisor of 310 and 430?
10
What is the greatest common divisor of 1460 and 60?
20
What is the greatest common factor of 224 and 32?
32
What is the greatest common divisor of 405 and 27?
27
Calculate the greatest common divisor of 33 and 891.
33
Calculate the highest common divisor of 91 and 39.
13
What is the highest common factor of 2759 and 89?
89
Calculate the highest common factor of 1428 and 1848.
84
Calculate the greatest common divisor of 5762 and 344.
86
Calculate the highest common divisor of 216 and 3744.
72
Calculate the highest common factor of 14 and 721.
7
Calculate the highest common divisor of 8 and 296.
8
What is the greatest common divisor of 140 and 735?
35
What is the highest common divisor of 14 and 22708?
14
Calculate the highest common divisor of 5671 and 106.
53
Calculate the highest common factor of 60 and 1440.
60
What is the highest common factor of 91 and 14287?
91
Calculate the highest common factor of 46 and 3266.
46
What is the greatest common divisor of 54 and 1